 - 3*k - 6. Calculate t(-4).
-10
Let c(q) = 3*q + 114. Determine c(-24).
42
Let r(x) = -x**2 + 7*x + 4. Determine r(-5).
-56
Let z(t) = -t**3 - 6*t**2 - 4*t + 5. Calculate z(-3).
-10
Let r(q) = 12*q + 1. What is r(1)?
13
Let a(q) = -q**3 - 7*q**2 - 8*q - 13. Determine a(-4).
-29
Let u(g) = -7*g**2 - g + 2. Give u(1).
-6
Let h(v) = 3*v - 37. What is h(18)?
17
Let u(q) = -q**3 + q**2 + q - 59. Give u(0).
-59
Let d(m) = 28*m + 3. What is d(2)?
59
Let n(v) = -2*v**2 - 74*v - 268. Determine n(-33).
-4
Let v(s) = -2*s**3 - 2*s**2 + 3*s - 1. What is v(2)?
-19
Let v(u) = -u**2 + 10*u + 3. What is v(9)?
12
Let o(l) = l**3 + 3*l**2 - 2*l. Give o(-3).
6
Let m(y) = y**2 - 19*y + 29. What is m(17)?
-5
Let l(g) = -g**2 - 149*g + 460. Calculate l(3).
4
Let o(k) = -k**3 + 3*k**2 - 5*k + 1. Give o(3).
-14
Let m(d) = 3*d + 14. Calculate m(-6).
-4
Let m(o) = o + 18. Calculate m(-19).
-1
Let s(t) = t**3 + 16*t**2 + 15*t. Determine s(-15).
0
Let x(t) = -5*t - 1. Give x(2).
-11
Let w(x) = 45*x - 99. What is w(2)?
-9
Let u(r) = -r + 24. Determine u(15).
9
Let k(n) = -84*n**3 - n**2 - 2*n + 2. Calculate k(1).
-85
Let z(f) = -f**2 - 6*f + 4. Calculate z(6).
-68
Let j(k) = 58*k - 339. What is j(6)?
9
Let v(y) = 15*y + 6. What is v(-6)?
-84
Let p(q) = q**2 + 19*q - 16. Calculate p(-20).
4
Let x(u) = u**3 - 9*u**2 - 9*u + 18. Determine x(9).
-63
Let v(o) = -o**3 + 7*o**2 + 7*o - 7. Calculate v(8).
-15
Let i(l) = l**3 + 2*l**2 - 4*l + 7. Determine i(-4).
-9
Let p(b) = -9*b**3 + b**2 - 8*b + 8. Calculate p(1).
-8
Let v(s) = s**3 + s**2 + s + 4. What is v(-2)?
-2
Let r(y) = y**2 + 8*y - 108. Calculate r(-15).
-3
Let y(n) = n**3 + 6*n**2 + 17. What is y(-8)?
-111
Let f(r) = r**2 + 2*r - 7. What is f(-5)?
8
Let r(y) = 2*y + 14. Give r(-3).
8
Let c(u) = -u**2 + 3*u + 16. Calculate c(0).
16
Let s(w) = w - 30. Give s(12).
-18
Let n(k) = k**2 + 4*k - 10. Give n(2).
2
Let f(x) = 4*x + 3. What is f(-3)?
-9
Let a(k) = 12*k + 44. Calculate a(-14).
-124
Let u(z) = -z**3 - 7*z**2 - 8*z + 17. Calculate u(-4).
1
Let n(d) = -d**2 - 6*d - 11. Give n(-7).
-18
Let p(d) = d**3 + 15*d**2 - 17*d - 22. What is p(-16)?
-6
Let y(p) = 6*p. Calculate y(-1).
-6
Let x(b) = -b**3 - 4*b**2 + b + 9. Determine x(-4).
5
Let t(h) = -h**3 + 13*h**2 - 44*h + 8. Give t(6).
-4
Let f(b) = 5*b**2 - 84*b - 5. Calculate f(17).
12
Let u(d) = -2*d**2 + 5*d - 5. Calculate u(-5).
-80
Let b(l) = -l**3 - 10*l**2 - 19*l - 6. Calculate b(-8).
18
Let y(w) = -w**2 - 13*w - 19. Calculate y(-13).
-19
Let x(r) = -8*r - 2. What is x(-1)?
6
Let g(b) = -3*b - 105. Give g(-32).
-9
Let j(h) = 3*h**2 + 3. Calculate j(-4).
51
Let c(z) = 9*z**2 - 4*z + 5. Determine c(1).
10
Let y(q) = q**3 - 2*q**2 - 8*q - 3. Give y(4).
-3
Let f(j) = 2*j**3 - 8*j**2. Calculate f(3).
-18
Let x(q) = -30*q**2 - 123*q + 2. Calculate x(-4).
14
Let z(v) = 3*v + 8. Calculate z(0).
8
Let y(j) = -j**3 + 11*j**2 - 15. Determine y(11).
-15
Let o(b) = 46*b**2 - b - 1. Calculate o(-1).
46
Let k(u) = -u**3 + 10*u**2 - 1. Determine k(10).
-1
Let o(a) = -a**2 + 12*a + 48. What is o(16)?
-16
Let p(u) = -u**2 - 12*u - 2. What is p(-9)?
25
Let t(k) = -2*k + 7. What is t(11)?
-15
Let b(c) = -8*c**2 + 13*c + 12. Give b(-1).
-9
Let j(i) = -3*i + 7. What is j(1)?
4
Let v(t) = -t**3 - 5*t**2 + 8*t - 3. What is v(-6)?
-15
Let k(y) = y**3 - 11*y**2 + 6*y + 41. Calculate k(10).
1
Let u(w) = 3*w + 21. Determine u(0).
21
Let r(p) = p - 12. Calculate r(10).
-2
Let t(r) = 10*r + 42. Give t(3).
72
Let b(r) = -20*r + 9. What is b(4)?
-71
Let l(v) = 2*v**2 + 10*v - 9. Calculate l(-9).
63
Let b(d) = d + 4. Calculate b(4).
8
Let h(w) = -w**2 - 14*w - 46. Determine h(-5).
-1
Let f(z) = -12*z + 3. Calculate f(1).
-9
Let q(h) = 2*h**2 - 9*h - 26. What is q(-2)?
0
Let j(f) = -21*f + 56. Determine j(-4).
140
Let d(i) = -i - 3. What is d(-14)?
11
Let l(g) = 9*g + 333. What is l(-37)?
0
Let s(u) = u**2 - 10*u - 66. What is s(15)?
9
Let j(w) = w**3 + 8*w**2 + 5*w + 35. Calculate j(-8).
-5
Let b(g) = -g**3 + 9*g**2 + 20*g + 21. Determine b(11).
-1
Let b(q) = -q**2 - 2*q + 5. Calculate b(0).
5
Let m(c) = c**2 - 10*c + 9. Determine m(6).
-15
Let j(c) = c**2 + 40*c + 79. Give j(-38).
3
Let l(y) = -y**3 - 6*y**2 - 7*y - 5. Determine l(-4).
-9
Let t(q) = -q**3 + 5*q**2 + 5*q - 6. Calculate t(6).
-12
Let q(c) = -c**3 - c + 52. Give q(0).
52
Let h(s) = -17*s**2 - s - 3. Give h(2).
-73
Let z(r) = 3*r**2 - 15*r - 12. Determine z(-1).
6
Let c(y) = -y**2 + 48*y + 52. What is c(49)?
3
Let j(p) = -p**2 - 53*p - 666. Determine j(-21).
6
Let t(i) = -3*i - 9. Give t(4).
-21
Let y(s) = -s**3 + 13*s**2 + 14*s + 4. Calculate y(14).
4
Let o(i) = -55*i - 335. Calculate o(-6).
-5
Let t(z) = -z**3 - 2*z**2 + 5*z + 9. Give t(-2).
-1
Let u(w) = -w**2 + 20. Calculate u(-4).
4
Let i(a) = -36*a**3 - a + 1. Calculate i(1).
-36
Let o(h) = 13*h**2 + h + 7. What is o(3)?
127
Let y(v) = -v**2 + 8*v + 3. Give y(8).
3
Let h(c) = c**3 - 9*c**2 + 5*c - 15. Give h(9).
30
Let h(w) = w**3 + 6*w**2 + w - 1. Calculate h(-6).
-7
Let r(z) = 3*z + 26. Determine r(-10).
-4
Let d(t) = 2*t**3 - 2*t. Determine d(-2).
-12
Let g(s) = 20*s + 20. What is g(-1)?
0
Let u(f) = f + 7. Calculate u(-7).
0
Let l(a) = -37*a**2 - 4. Give l(2).
-152
Let m(l) = -18*l + 1. Calculate m(4).
-71
Let t(h) = -h**3 - 10*h**2 - 16*h - 30. Give t(-9).
33
Let u(n) = 7*n**2 + 3*n - 3. Calculate u(2).
31
Let b(l) = -l**3 + 11*l**2 + 11*l + 4. Give b(12).
-8
Let o(l) = l**3 - 11*l**2 + 7*l - 7. Calculate o(10).
-37
Let z(c) = -5*c + 8. Calculate z(3).
-7
Let n(w) = 4*w - 9. Give n(-9).
-45
Let y(f) = -f**3 + 14*f**2 + 18*f - 18. Determine y(15).
27
Let m(d) = -d**2 - 8*d - 5. Calculate m(-8).
-5
Let r(x) = -x**2 + 10*x - 14. What is r(8)?
2
Let t(x) = 3*x + 11. Calculate t(6).
29
Let t(w) = -4*w**2 - 30*w - 12. Calculate t(-7).
2
Let n(o) = 7*o + 34. What is n(-10)?
-36
Let d(t) = t**3 + 4*t**2 + 5*t + 6. Determine d(-5).
-44
Let z(p) = 30*p + 153. Calculate z(-5).
3
Let q(u) = -u - 4. Determine q(1).
-5
Let o(g) = -2*g**3 + g**2 - 3*g - 7. What is o(-2)?
19
Let r(v) = 3*v**3 - 3*v**2 + v - 1. Calculate r(3).
56
Let b(t) = 32*t + 350. Give b(-11).
-2
Let i(f) = 65*f - 523. Give i(8).
-3
Let o(u) = -u**2 + 10*u - 17. Give o(10).
-17
Let t(m) = 15*m - 218. What is t(14)?
-8
Let l(j) = -5*j + 33. What is l(5)?
8
Let y(i) = -i**2 + 7*i. What is y(6)?
6
Let t(f) = -4*f**3 + f + 1. Determine t(-1).
4
Let b(y) = -y**3 - 3*y**2 - 4*y - 29. Give b(-4).
3
Let o(p) = p**2 - 15*p + 11. Calculate o(13).
-15
Let r(t) = -7*t**2 - 4*t + 1. Determine r(-3).
-50
Let a(h) = -h**2 + 2. Give a(5).
-23
Let d(y) = 8*y**2 + 2*y + 6. Calculate d(-3).
72
Let h(s) = -2*s**3 + 2*s**2 + 2*s - 6. Give h(3).
-36
Let u(w) = 4*w - 21. Determine u(12).
27
Let s(g) = -6*g**2 + 64*g + 18. What is s(11)?
-4
Let o(i) = i**3 + 3*i**2 + i + 3. Give o(-5).
-52
Let h(i) = i**3 - 4*i**2 - 4*i - 4. What is h(-3)?
-55
Let s(j) = -87*j - 202. Calculate s(-3).
59
Let h(c) = c**2 + 12*c - 3. Determine h(-11).
-14
Let o(t) = -t**2 - 9*t + 7. Give o(-9).
7
Let x(l) = l**3 - 27*l**2 + 51*l - 31. What is x(25)?
-6
Let x(j) = j**3 - 5*j**2 - 4*j + 4. Calculate x(5).
-16
Let d(r) = -9*r - 19. Determine d(-9).
62
Let t(g) = -2*g**3 + 98*g**2 + 22. Give t(49).
22
Let b(f) = f**3 + 15*f**2 - 16*f - 1. Calculate b(-16).
-1
Let p(n) = 2*n**2 + 19*n + 37. Give p(-2).
7
Let t(f) = -2*f**3 - 8*f**2 + 2*f. What is t(-5)?
40
Let h(q) = -q**2 - 10*q + 6. Calculate h(-8).
22
Let w(y) = y**2 + 19*y + 16. Give w(-17).
-18
Let p(x) = -92*x**2 + x - 1. Calculate p(1).
-92
Let v(b) = b**3 + b**2 - 12. Determine v(0).
-12
Let q(s) = -s - 3. Determine q(0).
-3
Let r(i) = 5*i**2 - 2*i + 17. Determine r(-5).
152
Let r(d) = -d**2 - 30*d - 223. Give r(-17).
-2
Let l(t) = -t**2 - 12*t - 9. Give l(-8).
23
Let q(c) = -c - 22. Calculate q(-9).
-13
Let v(q) = q**3 - q**2 - 10*q + 6. Determine v(4).
14
Let l(v) = -19*v + 15. What is l(4)?
-61
Let g(i) = -3*i - 4. Calculate g(0).
-4
Let q(b) = -4*b**2 + 26*b - 4. Calculate q(6).
8
Let x(c) = c**2 - 44*c + 162. Determine x(40).
2
Let m(y) = -41*y - 362. Calculate m(-9).
7
Let y(w) = -w**2 - 6*w + 8. Give y(-7).
1
Let n(y) = y**2 + 19*y - 31. Give n(-21).
11
Let j(m) = m**3 - 6*m**2 - m + 5. What is j(4)?
-31
Let s(o) = o**2 - 14*o - 9. Calculate s(14).
-9
Let p(b) = -2*b**2 + 88*b + 36. Determine p(4